{"id":3103,"date":"2024-05-26T17:47:08","date_gmt":"2024-05-26T16:47:08","guid":{"rendered":"https:\/\/artifexcomics.fr\/?post_type=product&#038;p=3103"},"modified":"2026-04-26T19:20:14","modified_gmt":"2026-04-26T18:20:14","slug":"00-gerber-gendarme-galabru-edition-limitee-2024","status":"publish","type":"product","link":"https:\/\/artifexcomics.fr\/index.php\/produit\/00-gerber-gendarme-galabru-edition-limitee-2024\/","title":{"rendered":"&#8220;0&#8221;  GALABRU caricature par SAINT-EMETT"},"content":{"rendered":"<h3><\/h3>\n<h3>CONTACT : artifexcomics.sl@gmail.com<\/h3>\n<p>&nbsp;<\/p>\n<p>NOUVEAUTE 2024 :<\/p>\n<p>Edition en s\u00e9rie limit\u00e9e \u00e0 350 exemplaires.<\/p>\n<div>Le sculpteur St\u00e9phane Saint-Emett rend hommage \u00e0\u00a0 Michel Galabru.<\/div>\n<p>Figurine sculpt\u00e9e Saint-Emett<\/p>\n<p>Certificat d\u2019authenticit\u00e9 sign\u00e9, figurine en r\u00e9sine, ht env. 38 cm peinte \u00e0 la main<\/p>\n<p>Possibilit\u00e9 d\u2019avoir un certificat d\u00e9dicac\u00e9 par le cr\u00e9ateur Saint-Emett<\/p>\n<p>&nbsp;<\/p>\n<p>&nbsp;<\/p>\n","protected":false},"excerpt":{"rendered":"<p>CONTACT : artifexcomics.sl@gmail.com &nbsp; NOUVEAUTE 2024 : Edition en s\u00e9rie limit\u00e9e \u00e0 350 exemplaires. Le sculpteur St\u00e9phane Saint-Emett rend hommage \u00e0\u00a0 Michel Galabru. Figurine sculpt\u00e9e Saint-Emett Certificat d\u2019authenticit\u00e9 sign\u00e9, figurine en r\u00e9sine, ht env. 38 [&hellip;]<\/p>\n","protected":false},"featured_media":3098,"comment_status":"open","ping_status":"closed","template":"","meta":[],"product_brand":[],"product_cat":[29],"product_tag":[],"class_list":{"0":"post-3103","1":"product","2":"type-product","3":"status-publish","4":"has-post-thumbnail","6":"product_cat-louis-de-funes","7":"clearfix","9":"first","10":"instock","11":"taxable","12":"shipping-taxable","13":"purchasable","14":"product-type-simple"},"_links":{"self":[{"href":"https:\/\/artifexcomics.fr\/index.php\/wp-json\/wp\/v2\/product\/3103","targetHints":{"allow":["GET"]}}],"collection":[{"href":"https:\/\/artifexcomics.fr\/index.php\/wp-json\/wp\/v2\/product"}],"about":[{"href":"https:\/\/artifexcomics.fr\/index.php\/wp-json\/wp\/v2\/types\/product"}],"replies":[{"embeddable":true,"href":"https:\/\/artifexcomics.fr\/index.php\/wp-json\/wp\/v2\/comments?post=3103"}],"wp:featuredmedia":[{"embeddable":true,"href":"https:\/\/artifexcomics.fr\/index.php\/wp-json\/wp\/v2\/media\/3098"}],"wp:attachment":[{"href":"https:\/\/artifexcomics.fr\/index.php\/wp-json\/wp\/v2\/media?parent=3103"}],"wp:term":[{"taxonomy":"product_brand","embeddable":true,"href":"https:\/\/artifexcomics.fr\/index.php\/wp-json\/wp\/v2\/product_brand?post=3103"},{"taxonomy":"product_cat","embeddable":true,"href":"https:\/\/artifexcomics.fr\/index.php\/wp-json\/wp\/v2\/product_cat?post=3103"},{"taxonomy":"product_tag","embeddable":true,"href":"https:\/\/artifexcomics.fr\/index.php\/wp-json\/wp\/v2\/product_tag?post=3103"}],"curies":[{"name":"wp","href":"https:\/\/api.w.org\/{rel}","templated":true}]}}